{"id":132,"date":"2021-11-19T12:12:01","date_gmt":"2021-11-19T12:12:01","guid":{"rendered":"https:\/\/equipodeinvestigacionespoliticas.es\/?page_id=132"},"modified":"2021-11-19T13:00:41","modified_gmt":"2021-11-19T13:00:41","slug":"132-2","status":"publish","type":"page","link":"https:\/\/equipodeinvestigacionespoliticas.es\/?page_id=132","title":{"rendered":"PROYECTOS"},"content":{"rendered":"\n\n\n<h2 class=\"wp-block-heading\">Proyectos vigentes en los que participa alg\u00fan\/a investigador\/a<\/h2>\n\n\n\n<ol class=\"wp-block-list\"><li><a href=\"https:\/\/investigacion.usc.gal\/proyectos\/34620\/detalle\">Consolidaci\u00f3n e estruturaci\u00f3n 2018 GRC GI-1161 Equipo de investigaci\u00f3ns pol\u00edticas (EIP)<\/a>RAMON MAIZ SUAREZ,&nbsp;MARIA NIEVES LAGARES DIEZ<\/li><\/ol>\n\n\n\n<h2 class=\"wp-block-heading\">Proyectos finalizados en los que particip\u00f3 alg\u00fan\/a investigador\/a<\/h2>\n\n\n\n<h3 class=\"wp-block-heading\">2020<\/h3>\n\n\n\n<ol class=\"wp-block-list\"><li><a href=\"https:\/\/investigacion.usc.gal\/proyectos\/34451\/detalle\">Las respuestas en un Estado de Derecho a los retos de seguridad: fortalecimiento democr\u00e1tico, derechos fundamentales y deberes de la ciudadan\u00eda. RETOS 2017<\/a>JOSE JULIO FERNANDEZ RODRIGUEZ<\/li><\/ol>\n\n\n\n<h3 class=\"wp-block-heading\">2019<\/h3>\n\n\n\n<ol class=\"wp-block-list\"><li><a href=\"https:\/\/investigacion.usc.gal\/proyectos\/34417\/detalle\">EU Regional and innovation Policies and Peripheral Regions (EURIPER)<\/a>MANUEL GONZALEZ LOPEZ<\/li><li><a href=\"https:\/\/investigacion.usc.gal\/proyectos\/34020\/detalle\">Protesta pol\u00edtica en \u00e9pocas de crisis. Din\u00e1mica movilizadora y actitudes populistas. &#8211; EXCELENCIA 2015<\/a>JOSE MANUEL SABUCEDO CAMESELLE<\/li><\/ol>\n\n\n\n<h3 class=\"wp-block-heading\">2018<\/h3>\n\n\n\n<ol class=\"wp-block-list\"><li><a href=\"https:\/\/investigacion.usc.gal\/proyectos\/34839\/detalle\">Axudas para o financiamento singular de actividades de Grupos de investigaci\u00f3n Ano 2018 &#8211; GI-1161<\/a>RAMON MAIZ SUAREZ<\/li><\/ol>\n\n\n\n<h3 class=\"wp-block-heading\">2017<\/h3>\n\n\n\n<ol class=\"wp-block-list\"><li><a href=\"https:\/\/investigacion.usc.gal\/proyectos\/33955\/detalle\">Consolidaci\u00f3n e estruturaci\u00f3n 2015 GPC GI-1161 Equipo de investigaci\u00f3ns pol\u00edticas<\/a>RAMON MAIZ SUAREZ<\/li><\/ol>\n\n\n\n<h3 class=\"wp-block-heading\">2010<\/h3>\n\n\n\n<ol class=\"wp-block-list\"><li><a href=\"https:\/\/investigacion.usc.gal\/proyectos\/32743\/detalle\">Cooperaci\u00f3n para o desenvolvemento da AGE e cooperaci\u00f3n oficial auton\u00f3mica: transparencia para a complementariedade<\/a>MARIA NIEVES LAGARES DIEZ<\/li><\/ol>\n\n\n\n<h3 class=\"wp-block-heading\">2006<\/h3>\n\n\n\n<ol class=\"wp-block-list\"><li><a href=\"https:\/\/investigacion.usc.gal\/proyectos\/30419\/detalle\">La configuraci\u00f3n pol\u00edtica de la identidad colectiva en Galicia (1987-2003)<\/a>RAMON MAIZ SUAREZ<\/li><li><a href=\"https:\/\/investigacion.usc.gal\/proyectos\/30904\/detalle\">Axuda para a formaci\u00f3n de grupos. Axuda preparatoria.<\/a>MANUEL MARIA DE ARTAZA MONTERO<\/li><\/ol>\n\n\n\n<h3 class=\"wp-block-heading\">2005<\/h3>\n\n\n\n<ol class=\"wp-block-list\"><li><a href=\"https:\/\/investigacion.usc.gal\/proyectos\/30365\/detalle\">Formation et d\u00e9veloppement de l&#8217;expertise des ressources en Europe du Sud (FEDERES)<\/a>RAMON MAIZ SUAREZ<\/li><\/ol>\n\n\n\n<h3 class=\"wp-block-heading\">2004<\/h3>\n\n\n\n<ol class=\"wp-block-list\"><li><a href=\"https:\/\/investigacion.usc.gal\/proyectos\/29825\/detalle\">Determinantes, dimensi\u00f3ns e efecto electoral da valoraci\u00f3n de candidatos. An\u00e1lise comparado nos \u00e1mbitos nacional, auton\u00f3mico e local<\/a>MIGUEL ANGEL CAINZOS LOPEZ<\/li><\/ol>\n\n\n\n<h3 class=\"wp-block-heading\">2003<\/h3>\n\n\n\n<ol class=\"wp-block-list\"><li><a href=\"https:\/\/investigacion.usc.gal\/proyectos\/29885\/detalle\">Electronic Commerce leveraging network for developing European regions (E-MINDER)<\/a>JOSE MANUEL RIVERA OTERO<\/li><\/ol>\n\n\n\n<h3 class=\"wp-block-heading\">2002<\/h3>\n\n\n\n<ol class=\"wp-block-list\"><li><a href=\"https:\/\/investigacion.usc.gal\/proyectos\/29609\/detalle\">Goberno auton\u00f3mico e goberno local: Rendemento pol\u00edtico, relaci\u00f3ns interadministrativas e avaliaci\u00f3n polos cidad\u00e1ns.<\/a>JOSE VILAS NOGUEIRA<\/li><li><a href=\"https:\/\/investigacion.usc.gal\/proyectos\/29623\/detalle\">Institucionalizaci\u00f3n e desenvolvemento auton\u00f3mico en Galicia.<\/a>RAMON MAIZ SUAREZ<\/li><li><a href=\"https:\/\/investigacion.usc.gal\/proyectos\/29289\/detalle\">El Estado de las Autonom\u00edas, Balance del Rendimiento de las Instituciones Auton\u00f3micas, Espa\u00f1a 1980-2000.<\/a>RAMON MAIZ SUAREZ<\/li><\/ol>\n\n\n\n<h3 class=\"wp-block-heading\">1995<\/h3>\n\n\n\n<ol class=\"wp-block-list\"><li><a href=\"https:\/\/investigacion.usc.gal\/proyectos\/28319\/detalle\">Elecci\u00f3ns e sistema de partidos en Galicia (1978-1990)<\/a>RAMON MAIZ SUAREZ<\/li><\/ol>\n","protected":false},"excerpt":{"rendered":"<p>Proyectos vigentes en los que participa alg\u00fan\/a investigador\/a Consolidaci\u00f3n e estruturaci\u00f3n 2018 GRC GI-1161 Equipo de investigaci\u00f3ns pol\u00edticas (EIP)RAMON MAIZ SUAREZ,&nbsp;MARIA NIEVES LAGARES DIEZ Proyectos finalizados en los que particip\u00f3 alg\u00fan\/a investigador\/a 2020 Las respuestas en un Estado de Derecho a los retos de seguridad: fortalecimiento democr\u00e1tico, derechos fundamentales y deberes de la ciudadan\u00eda. RETOS<\/p>\n<p><a href=\"https:\/\/equipodeinvestigacionespoliticas.es\/?page_id=132\" class=\"more-link themebutton\">Leer m\u00e1s<\/a><\/p>\n","protected":false},"author":1,"featured_media":0,"parent":0,"menu_order":0,"comment_status":"closed","ping_status":"closed","template":"","meta":{"footnotes":""},"class_list":["post-132","page","type-page","status-publish","hentry"],"_links":{"self":[{"href":"https:\/\/equipodeinvestigacionespoliticas.es\/index.php?rest_route=\/wp\/v2\/pages\/132","targetHints":{"allow":["GET"]}}],"collection":[{"href":"https:\/\/equipodeinvestigacionespoliticas.es\/index.php?rest_route=\/wp\/v2\/pages"}],"about":[{"href":"https:\/\/equipodeinvestigacionespoliticas.es\/index.php?rest_route=\/wp\/v2\/types\/page"}],"author":[{"embeddable":true,"href":"https:\/\/equipodeinvestigacionespoliticas.es\/index.php?rest_route=\/wp\/v2\/users\/1"}],"replies":[{"embeddable":true,"href":"https:\/\/equipodeinvestigacionespoliticas.es\/index.php?rest_route=%2Fwp%2Fv2%2Fcomments&post=132"}],"version-history":[{"count":7,"href":"https:\/\/equipodeinvestigacionespoliticas.es\/index.php?rest_route=\/wp\/v2\/pages\/132\/revisions"}],"predecessor-version":[{"id":154,"href":"https:\/\/equipodeinvestigacionespoliticas.es\/index.php?rest_route=\/wp\/v2\/pages\/132\/revisions\/154"}],"wp:attachment":[{"href":"https:\/\/equipodeinvestigacionespoliticas.es\/index.php?rest_route=%2Fwp%2Fv2%2Fmedia&parent=132"}],"curies":[{"name":"wp","href":"https:\/\/api.w.org\/{rel}","templated":true}]}}